- (3 + 3 + -9)) - 7?
-12
Calculate -45 + 48 + -1 + (1 - -15).
18
(-12 - (-56 + 23)) + -41
-20
Evaluate 20 + -39 + (29 - -12).
22
What is (17 - 14) + (-9 - (-1 + -2))?
-3
What is 1 - -5 - (5 - -21 - 9)?
-11
Evaluate 23 - ((19 - 3 - 5) + -3 - 3).
18
Calculate (-12 - (3 - 4)) + 33 + 3 + -13.
12
What is (0 - (-1 + 9) - -2 - -19) + 1?
14
(-29 - 1) + -6 + 18 + -5
-23
Calculate -5 + (5 - -2 - (15 + -17)) - -8.
12
What is the value of (-2 - (10 - (6 + -7))) + -13?
-26
Evaluate 5 - -31 - (-41 - (-72 + 31)).
36
-28 + 4 - 5 - -15
-14
What is -12 - (17 - (-12 + 48))?
7
2 + -13 + (4 - -1)
-6
Evaluate -42 + 50 - (20 + 0).
-12
Calculate -88 + 54 + (-9 - -5 - -6).
-32
Evaluate (-15 - (-1 - 18)) + 11.
15
What is (0 + 24 - 3) + -15?
6
Evaluate -5 + 2 + 5 + 4 + -7.
-1
What is -9 - ((8 + 7 - 8) + (-22 - -15))?
-9
What is the value of -13 + 0 - -3 - 0?
-10
2 + -12 + -1 + (14 - 18)
-15
Evaluate -3 + 13 + -1 + -5 + -6 + 6.
4
What is -1 + (0 - (3 + -9 + 5 - -6))?
-6
-5 + -24 + 31 + (22 - -1)
25
What is the value of -18 - -6 - -3 - -6 - (-5 + 9)?
-7
Evaluate 0 + -1 - (92 + -91) - 17.
-19
Evaluate (4 + -18 - (0 - -14)) + 14.
-14
Evaluate -455 + 472 - (9 + 1).
7
What is the value of -4 + 15 - (5 + (-8 - (5 - 7)))?
12
43 + (-45 - -15) + (-1 - -1)
13
Evaluate (12 - 5) + -10 + 3.
0
What is the value of -7 + 0 + (-8 - -17) - (-1 - -24)?
-21
What is 6 + (-10 - (-17 - -13))?
0
What is -22 + 28 - -11 - 33?
-16
(3 - (-1 + 15)) + 139 + -156
-28
What is the value of -35 + (7 - (17 - 7)) + 17?
-21
What is 19 - 5 - (101 + -53)?
-34
Calculate (-5 - 28) + 15 - -11.
-7
Calculate (-15 - -20) + -2 - (-5 - -4 - -5).
-1
Evaluate (-1 - -11) + 23 + 7 + -37.
3
Calculate -73 + -62 + 116 + -1 + -8.
-28
What is the value of -4 - (-1 - 4 - (93 - 81))?
13
Calculate -2 - 12 - -27 - 7 - -9.
15
What is (-57 - -83) + (-62 - -3)?
-33
Evaluate 2 - (1 + 2 - 12).
11
-23 - (22 + -41 + -19)
15
Calculate (1 - 6) + -9 + (7 - 2) + 7.
-2
What is the value of -2 + -13 + 30 + 2?
17
Evaluate (2 - 7) + (2 - 4) + 7.
0
12 + (0 - 17) + (7 - -2)
4
What is the value of (2805 - 2843) + 0 + 6?
-32
Calculate (0 + -21 - 3) + 10 + -6 + 6.
-14
What is the value of 3 - 1 - -3 - (-58 - -44) - -11?
30
11 + (4 + -3 + (-7 - -3) - 36)
-28
What is the value of -23 - -19 - (2 + -7)?
1
What is -555 - -574 - (0 + -1 - 3)?
23
1 - (17 - (24 - 8))
0
Evaluate -18 + (0 - -3) + 7 + 15 + -3.
4
What is the value of (28 - 40) + 24 + 0 + -3 + 3?
12
26 + (-26 - (4 - 42))
38
What is the value of -34 + 0 + (24 - 12)?
-22
-1 + 3 + 1 + (105 - 41 - 59)
8
What is the value of -12 + 23 + (-16 - 6)?
-11
Evaluate -56 + 35 - -13 - 22.
-30
Calculate 7 - (-87 + 78 + (0 - -13)).
3
-10 - ((-15 - -5) + -31 + 11)
20
Calculate 3 - (4 + -2 + 4 + -5 - -16).
-14
(19 + 16 - 34) + 13 + 0
14
Calculate -48 - -43 - (-4 - (-1 + 3 - 12)).
-11
What is the value of 1 + -4 + 22 + -36 + -8?
-25
What is -21 - (-5 + (-21 - -15))?
-10
What is (7 - (17 - 17)) + -2 + 2?
7
-8 - ((2 - (-5 - -6)) + -7 + -1)
-1
-17 + 11 + 0 + -6
-12
Calculate 13 + (1 - -6) - (-2 - 4 - -3).
23
0 + -16 + -1 + (-70 - -80)
-7
Evaluate 3 + -5 + (-14 - -10).
-6
Evaluate 17 - -1 - (-34 + 25 + 8).
19
Calculate 0 + (4 - 6) + 3 - (-20 + 26).
-5
Calculate -2 + -7 + -7 + -8 + 22.
-2
What is 19 - (-26 - -50 - 18)?
13
What is the value of -8 + (-16 + 31 - (3 - 1))?
5
-9 - -25 - (-7 + (1 - 3))
25
Evaluate (4 + 3 - (6 + 4 - -8)) + -5.
-16
-14 + 17 + 11 + -11
3
What is (2 - -34) + -1 - (-1174 - -1176)?
33
What is the value of 0 + -9 + (-31 - -13 - -28)?
1
Evaluate (-135 + 142 - (10 - -1)) + 11 - -29.
36
Evaluate -139 + 194 - (-1 - -34).
22
Evaluate (-3 - 5) + -2 + 7.
-3
105 + -100 + (4 - (2 + -2 - -1))
8
What is -14 + 28 - (33 + -22)?
3
Evaluate 27 - ((-37 - -30) + 4).
30
0 - (-12 + 9 + 17)
-14
(-13 - -1) + -194 + 187
-19
Calculate -13 + 2 - -2 - -15.
6
What is the value of (-10 - -2) + 146 + -141?
-3
Calculate (20 - (16 - 10 - 15)) + (5 - 2).
32
What is (-21 - -22) + -13 + 13 - (1 + 11)?
-11
What is the value of (10 + -28 + 2 + 2 - -4) + -12?
-22
What is 2 - (-5 + 3) - 7 - (14 - 23)?
6
What is the value of -17 - (0 + 5 + -14)?
-8
What is (2 + (17 - 5) - 5) + (1 - -3)?
13
What is -9 + 17 - (76 + -41)?
-27
Calculate -64 + 69 - (0 + 2 + 4).
-1
(-12 - -9) + 6 - -6
9
Calculate -31 - -33 - (5 - (2 - -15)).
14
-10 - (-7 + 2 + -6) - -6
7
Evaluate (17 - (46 - 14)) + -2 + 2.
-15
Calculate 18 + -1 - (-3 - -13).
7
What is 28 + -25 + -2 + 1 + 2?
4
Evaluate -36 + (0 + 14 - 15) - -7.
-30
Calculate 3 - (-1 - -1 - (3 + 4 + -13)).
-3
Evaluate -5 - (-10 + 0 + 1 + (-570 - -579)).
-5
Evaluate -7 - (13 - (0 - (0 - 19))).
-1
Calculate -4 + -9 + (26 - (6 + -1)).
8
Evaluate 26 + -14 + (-5 - -2).
9
33 + (-109 - -38 - -8)
-30
What is -18 + -23 + 16 - -10?
-15
Evaluate (-6 - -3 - 1) + 5 + (-5 - -2).
-2
What is the value of 1 + -1 + -3 + 1 + 3 - -3?
4
What is (-7 - (-8 + 8)) + 9 + -6?
-4
Calculate 4 + -18 - (-1 - 1) - (203 + -207).
-8
What is the value of (266 - 258) + -8 + 1?
1
What is the value of 58 - 69 - (-1 + -2 - -5)?
-13
-29 + 34 + (12 + 0 - 0) + -4
13
What is the value of -48 + (56 - (20 - -6))?
-18
What is (0 - (69 + -25)) + 15?
-29
What is the value of 5 + -26 + 0 + 4 + 3?
-14
What is -1 + (1 - -1 - 11 - (56 + -61))?
-5
What is the value of 340 + -340 - (1 + 0 + -2 + 18)?
-17
Evaluate 1697 + -1697 - (-1 + -3).
4
-22 - (-14 + 5) - -23
10
(3 - (-6 - 13 - 8)) + -2 + -3
25
What is the value of (-22 + 4 + 4 - 10) + 9?
-15
Evaluate -67 - (32 - 12 - 59).
-28
What is 54 - 56 - (3 + -1) - 6?
-10
Evaluate 1 + 6 + (-12 - (8 + -26) - 3).
10
Calculate (-4 - -5) + (0 - 7) - (50 + -56).
0
Calculate -18 + 33 - (22 - 9 - 6).
8
Evaluate -12 + 43 - (-6 - -21).
16
What is 2283 + -2293 - (3 + -1 + (3 - 1))?
-14
Calculate 16 - (4 - -7) - 5.
0
What is -191 - -197 - (-2 + (0 - -1 - -2))?
5
What is the value of (29 - 7) + -55 + 46?
13
(14 + -31 - -27 - (28 - 3)) + -5
-20
What is the value of -38 - (-49 - (-35 + 28))?
4
What is 13 + -7 - 9 - 17?
-20
What is the value of (-1 - -9) + (5 - 4) + (4 - 0)?
13
What is 2 + 0 + 0 - (6 + (9 - 10))?
-3
8 + 6 + -9 + (-8 - -11)
8
Calculate (-6 - (-3 - (2 - 5))) + (-3 - -2).
-7
Evaluate -8 + (-2 + -9 - (-25 - -22)) + 4.
-12
What is -5 - (-12 + 3) - (6 + (10 - 16))?
4
Calculate -7 + (-3 - 3 - -3) + -40 + 41.
-9
What is the value of 529 + -528 + (-1 - -12)?
12
What is 5 - 9 - (9 - (-10 - -12))?
-11
Calculate -11 + 4 + 1 + -6 + 21.
9
What is -5 + (10 - 11 - -11) + -1 + -7?
-3
What is the value of 2 + (-1 - -1) - (-19 - -16 - 6)?
11
Evaluate -8 - (-9 + 6 + 4 + -7).
-2
What is (-76 - -96) + (-17 - 3)?
0
What is 1 - 1 - ((8 - (-10 + 13)) + -10)?
5
Evaluate (3 - -1) + 1 + -10.
-5
What is the value of 87 + -67 + (-5 - 25)?
-10
2 + 0 + 1 - ((-34 - 17) + 18)
36
-4 - (-9 + 15) - -10
0
What is the value of 17 - (4 + 1 + 8)?
4
What is 9 + -11 + 12 + -5 + -12?
-7
Calculate -10 + (19 - (12 - 12)) - 4 - 8.
-3
What is 0 + (0 - -2) + (-2 - 5) + -2?
-7
What is the value of 593 + -613 + 25 + 1?
6
What is the value of (0 + 4 + 6 - 10) + 9?
9
What is (37 - 28 - 27) + 47?
29
What is the value of 15 + -10 + (-8 - (-1 - 11))?
9
-1 - (4 + (-2 - 0)) - (382 + -364)
-21
(190 - 192) + 1 + 19
18
What is (-10 - -21) + -47 - -26?
-10
What is the value of -13 + -3 - (-6 - 16)?
6
Calculate 1 - 1 - (-318 - -309) - 8.
1
What is the value of 45 + 1 + -570 + 542?
18
-2 + 13 + -35 + 20 + -2
-6
(35 + 16 - 17) + -11 + -1
22
2 + 2 + (26 - 8) + -7
15
What is the value of -6 + 0 + 2 + (-14 + 12 - 2)?
-8
What is (-10 + 1 - -12 - 4) + 6?
5
Evaluate (-79 - -70) + 3 + -1 + 12.
5
What is the value of 274 - 270 - (2 - 1)?
3
Evaluate -16 + (17 + -51 - -29).
-21
Evaluate -332 - -312 - (2 + -37).
15
Calculate (-2 + -1 + -9 - -7) + 13.
8
What is the value of (-20 - -9) + -23 + (-2 - -11)?
-25
What is (1 - 3 - (-15 + 7)) + 7 + -1?
12
What is the value of -2 - ((-7 - (0 + -6 + 3)) + 9)?
-7
What is the value of 28 + -10 + 9 - 36?
-9
Evaluate 6 - (18 - 14 - -11 - -17).
-26
Calculate (8 - 9) + 3 - (-5 - -11) - -23.
19
8 - ((-32 - -48) + 8)
-16
What is the value of -39 + 40 + (-2 - -14)?
13
What is -1 + (-7 + 3 - -7) - (7 + -3)?
-2
What is the value of -13 - 16 - -13 - -15?
-1
Calculate (15 - (-1 - -2)) + (-103 - -73).
-16
Calculate 12 - (-3 + 32) - -30.
13
Evaluate -42 - (-57 + 17 + 18).
-20
What is (0 - -2) + (2 - -16 - 25)?
-5
(2 - 23) + (142 - 134)
-13
Evaluate 1 + -4 - (0 +